{"id":7,"date":"2019-05-21T13:17:17","date_gmt":"2019-05-21T16:17:17","guid":{"rendered":"http:\/\/mhmusinagem.com.br\/usinagem\/?page_id=7"},"modified":"2025-03-12T10:15:46","modified_gmt":"2025-03-12T13:15:46","slug":"sobre-a-mhm","status":"publish","type":"page","link":"https:\/\/mhmusinagem.com.br\/usinagem\/sobre-a-mhm\/","title":{"rendered":"Sobre a MHM"},"content":{"rendered":"<h2><strong>UMA TRAJET\u00d3RIA BEM SUCEDIDA<\/strong><\/h2>\n<p>A <strong>METAL\u00daRGICA H. MACACHERO<\/strong>\u00a0 foi fundada em Abril de 1971, na cidade de Petr\u00f3polis, pelo Sr. <strong>H\u00e9lio Macacchero<\/strong>, experiente t\u00e9cnico em manuten\u00e7\u00e3o mec\u00e2nica.<\/p>\n<p><a href=\"https:\/\/mhmusinagem.com.br\/usinagem\/wp-content\/uploads\/2022\/07\/021.jpg\" data-rel=\"lightbox-image-0\" data-rl_title=\"Metal\u00fargica MHM Usinagem\" data-rl_caption=\"Metal\u00fargica MHM Usinagem\" title=\"Metal\u00fargica MHM Usinagem\"><img loading=\"lazy\" decoding=\"async\" class=\"alignleft wp-image-641 size-medium\" src=\"https:\/\/mhmusinagem.com.br\/usinagem\/wp-content\/uploads\/2022\/07\/021-300x225.jpg\" alt=\"Metal\u00fargica MHM Usinagem\" width=\"300\" height=\"225\" srcset=\"https:\/\/mhmusinagem.com.br\/usinagem\/wp-content\/uploads\/2022\/07\/021-300x225.jpg 300w, https:\/\/mhmusinagem.com.br\/usinagem\/wp-content\/uploads\/2022\/07\/021-1024x768.jpg 1024w, https:\/\/mhmusinagem.com.br\/usinagem\/wp-content\/uploads\/2022\/07\/021-768x576.jpg 768w, https:\/\/mhmusinagem.com.br\/usinagem\/wp-content\/uploads\/2022\/07\/021.jpg 1200w\" sizes=\"auto, (max-width: 300px) 100vw, 300px\" \/><\/a>A <strong>MHM USINAGEM<\/strong>, como \u00e9 conhecida no mercado, surgiu atrav\u00e9s de um sonho que, aliado ao empreendedorismo de seu fundador e de seu atual Diretor, <strong>H\u00e9lio Macacchero Jr<\/strong>., transp\u00f4s v\u00e1rios obst\u00e1culos at\u00e9 chegar no patamar que ocupa atualmente.<\/p>\n<p>Nos <strong>anos 70<\/strong>, a <strong>MHM USINAGEM<\/strong>, em seus primeiros passos, visando ampliar sua participa\u00e7\u00e3o no mercado, desenvolveu uma linha de produtos de m\u00e1quinas gr\u00e1ficas que colaborou para a consolida\u00e7\u00e3o da empresa, e que, mais tarde, foi desativada.<br \/>\n<strong>1983<\/strong>, passou a constituir empresa por cotas de capital limitado.<br \/>\nNo ano de 1987, a MHM recebeu convite para mudar sua sede para cidade de Para\u00edba do Sul.<br \/>\nEm <strong>1990<\/strong> j\u00e1 concentrava todas suas atividades nessa \u00fanica cidade.<\/p>\n<h2><strong>CRESCIMENTO E CERTIFICA\u00c7\u00d5ES<\/strong><\/h2>\n<p><a href=\"https:\/\/mhmusinagem.com.br\/usinagem\/wp-content\/uploads\/2022\/07\/014.jpg\" data-rel=\"lightbox-image-1\" data-rl_title=\"Metal\u00fargica MHM Usinagem\" data-rl_caption=\"Metal\u00fargica MHM Usinagem\" title=\"Metal\u00fargica MHM Usinagem\"><img loading=\"lazy\" decoding=\"async\" class=\"alignleft wp-image-634 size-medium\" src=\"https:\/\/mhmusinagem.com.br\/usinagem\/wp-content\/uploads\/2022\/07\/014-300x225.jpg\" alt=\"Metal\u00fargica MHM Usinagem\" width=\"300\" height=\"225\" srcset=\"https:\/\/mhmusinagem.com.br\/usinagem\/wp-content\/uploads\/2022\/07\/014-300x225.jpg 300w, https:\/\/mhmusinagem.com.br\/usinagem\/wp-content\/uploads\/2022\/07\/014-1024x768.jpg 1024w, https:\/\/mhmusinagem.com.br\/usinagem\/wp-content\/uploads\/2022\/07\/014-768x576.jpg 768w, https:\/\/mhmusinagem.com.br\/usinagem\/wp-content\/uploads\/2022\/07\/014.jpg 1200w\" sizes=\"auto, (max-width: 300px) 100vw, 300px\" \/><\/a>A partir da d\u00e9cada de 90, a <strong>MHM USINAGEM <\/strong>passou por um ambicioso programa de Reestrutura\u00e7\u00e3o Produtiva, implementado por<strong> H\u00e9lio Macacchero Jr.<\/strong> com amplo investimentos em tecnologia, qualifica\u00e7\u00e3o profissional, desenvolvimento do Sistema de Gest\u00e3o da Qualidade, atualiza\u00e7\u00f5es e informatiza\u00e7\u00e3o dos procedimentos administrativos que culminaram, em 2003, na <a href=\"https:\/\/mhmusinagem.com.br\/usinagem\/certificados\/\">certifica\u00e7\u00e3o<\/a>, conforme a Norma NBR ISO 9001: 2000, do Sistema de Gest\u00e3o da Qualidade <strong>MHM<\/strong>. Hoje mantemos a <a href=\"https:\/\/mhmusinagem.com.br\/usinagem\/certificados\/\">Certifica\u00e7\u00e3o<\/a> j\u00e1 na vers\u00e3o ISO 9001:2015.<\/p>\n<p>&nbsp;<\/p>\n<h2><strong>PILARES ESTRAT\u00c9GICOS:<\/strong><\/h2>\n<blockquote>\n<h3><strong>Miss\u00e3o: <\/strong>Promover solu\u00e7\u00f5es de usinagem considerando a necessidade dos nossos clientes e partes interessadas.<\/h3>\n<h3><strong>Vis\u00e3o<\/strong> &#8211; Ser uma empresa refer\u00eancia no setor metal mec\u00e2nico que mant\u00e9m sua hist\u00f3ria e pilares fundamentais alinhada e adaptada aos desafios da ind\u00fastria 4.0.<\/h3>\n<h3><strong>Valores<\/strong> &#8211; Disciplina, Qualidade, Transpar\u00eancia e Comprometimento<\/h3>\n<\/blockquote>\n<p>&nbsp;<\/p>\n<h2><strong>A EMPRESA HOJE<\/strong><\/h2>\n<p><a href=\"https:\/\/mhmusinagem.com.br\/usinagem\/wp-content\/uploads\/2022\/07\/013.jpg\" data-rel=\"lightbox-image-2\" data-rl_title=\"Metal\u00fargica MHM Usinagem\" data-rl_caption=\"Metal\u00fargica MHM Usinagem\" title=\"Metal\u00fargica MHM Usinagem\"><img loading=\"lazy\" decoding=\"async\" class=\"alignleft wp-image-633 size-medium\" src=\"https:\/\/mhmusinagem.com.br\/usinagem\/wp-content\/uploads\/2022\/07\/013-300x225.jpg\" alt=\"Metal\u00fargica MHM Usinagem\" width=\"300\" height=\"225\" srcset=\"https:\/\/mhmusinagem.com.br\/usinagem\/wp-content\/uploads\/2022\/07\/013-300x225.jpg 300w, https:\/\/mhmusinagem.com.br\/usinagem\/wp-content\/uploads\/2022\/07\/013-1024x768.jpg 1024w, https:\/\/mhmusinagem.com.br\/usinagem\/wp-content\/uploads\/2022\/07\/013-768x576.jpg 768w, https:\/\/mhmusinagem.com.br\/usinagem\/wp-content\/uploads\/2022\/07\/013.jpg 1200w\" sizes=\"auto, (max-width: 300px) 100vw, 300px\" \/><\/a>Todas as a\u00e7\u00f5es estrat\u00e9gicas implementadas e todos os resultados somente foram poss\u00edveis com o pleno envolvimento de nossa for\u00e7a de trabalho.<br \/>\nValoriza\u00e7\u00e3o do funcion\u00e1rio e reconhecimento pela dedica\u00e7\u00e3o e pela incessante busca de desenvolvimento t\u00e9cnico fazem da <strong>MHM<\/strong> empresa f orte e focada no cliente e na melhoria dos processo e de seu Sistema de Gest\u00e3o da Qualidade.<br \/>\nEm 2006, a <strong>MHM USINAGEM <\/strong>se mudou para um pr\u00e9dio de 3400 m2, localizado no centro da cidade de Para\u00edba do Sul.<br \/>\nAp\u00f3s a realiza\u00e7\u00e3o de um amplo projeto de reforma a <strong>MHM USINAGEM <\/strong>est\u00e1 condicionada a oferecer melhores condi\u00e7\u00f5es de trabalho a seus colaboradores, melhor atendimento aos clientes e ao crescimento cont\u00ednuo da sua opera\u00e7\u00e3o.<br \/>\nA sede da empresa mant\u00e9m um moderno parque de m\u00e1quinas e laborat\u00f3rio pr\u00f3prio de metrologia.<br \/>\nAtualmente, a <strong>MHM USINAGEM <\/strong>mant\u00e9m acesa a id\u00e9ia de melhoria cont\u00ednua e investe em atualiza\u00e7\u00e3o tecnol\u00f3gica. A empresa evolui cada vez mais em equipamentos de ponta e aperfei\u00e7oa a cada dia a utiliza\u00e7\u00e3o das ferramentas da qualidade.<\/p>\n<p><iframe loading=\"lazy\" style=\"border: 0;\" src=\"https:\/\/www.google.com\/maps\/embed?pb=!4v1657632909261!6m8!1m7!1sOptmCi_h9LgDF9yGU5PXAg!2m2!1d-22.16151457613576!2d-43.29253611542197!3f62.349325862863815!4f13.356052397203584!5f0.7820865974627469\" width=\"800\" height=\"600\" allowfullscreen=\"allowfullscreen\"><\/iframe><\/p>\n<p>&nbsp;<\/p>\n<div class=\"su-image-carousel  su-image-carousel-has-spacing su-image-carousel-crop su-image-carousel-crop-16-10 su-image-carousel-has-lightbox su-image-carousel-has-outline su-image-carousel-adaptive su-image-carousel-slides-style-default su-image-carousel-controls-style-dark su-image-carousel-align-none\" style=\"\" data-flickity-options='{\"groupCells\":true,\"cellSelector\":\".su-image-carousel-item\",\"adaptiveHeight\":false,\"cellAlign\":\"left\",\"prevNextButtons\":true,\"pageDots\":false,\"autoPlay\":4000,\"imagesLoaded\":true,\"contain\":true,\"selectedAttraction\":0.007000000000000000145716771982051795930601656436920166015625,\"friction\":0.25}' id=\"su_image_carousel_69d4b1470075b\"><div class=\"su-image-carousel-item\"><div class=\"su-image-carousel-item-content\"><a href=\"https:\/\/mhmusinagem.com.br\/usinagem\/wp-content\/uploads\/2022\/07\/021.jpg\" target=\"_blank\" rel=\"noopener noreferrer\" data-caption=\"\" data-rel=\"lightbox-image-3\" data-rl_title=\"Metal\u00fargica MHM Usinagem\" data-rl_caption=\"Metal\u00fargica MHM Usinagem\" title=\"Metal\u00fargica MHM Usinagem\"><img loading=\"lazy\" decoding=\"async\" width=\"1024\" height=\"768\" src=\"https:\/\/mhmusinagem.com.br\/usinagem\/wp-content\/uploads\/2022\/07\/021-1024x768.jpg\" class=\"\" alt=\"Metal\u00fargica MHM Usinagem\" srcset=\"https:\/\/mhmusinagem.com.br\/usinagem\/wp-content\/uploads\/2022\/07\/021-1024x768.jpg 1024w, https:\/\/mhmusinagem.com.br\/usinagem\/wp-content\/uploads\/2022\/07\/021-300x225.jpg 300w, https:\/\/mhmusinagem.com.br\/usinagem\/wp-content\/uploads\/2022\/07\/021-768x576.jpg 768w, https:\/\/mhmusinagem.com.br\/usinagem\/wp-content\/uploads\/2022\/07\/021.jpg 1200w\" sizes=\"auto, (max-width: 1024px) 100vw, 1024px\" \/><\/a><\/div><\/div><div class=\"su-image-carousel-item\"><div class=\"su-image-carousel-item-content\"><a href=\"https:\/\/mhmusinagem.com.br\/usinagem\/wp-content\/uploads\/2022\/07\/020.jpg\" target=\"_blank\" rel=\"noopener noreferrer\" data-caption=\"\" data-rel=\"lightbox-image-4\" data-rl_title=\"Metal\u00fargica MHM Usinagem\" data-rl_caption=\"Metal\u00fargica MHM Usinagem\" title=\"Metal\u00fargica MHM Usinagem\"><img loading=\"lazy\" decoding=\"async\" width=\"1024\" height=\"768\" src=\"https:\/\/mhmusinagem.com.br\/usinagem\/wp-content\/uploads\/2022\/07\/020-1024x768.jpg\" class=\"\" alt=\"Metal\u00fargica MHM Usinagem\" srcset=\"https:\/\/mhmusinagem.com.br\/usinagem\/wp-content\/uploads\/2022\/07\/020-1024x768.jpg 1024w, https:\/\/mhmusinagem.com.br\/usinagem\/wp-content\/uploads\/2022\/07\/020-300x225.jpg 300w, https:\/\/mhmusinagem.com.br\/usinagem\/wp-content\/uploads\/2022\/07\/020-768x576.jpg 768w, https:\/\/mhmusinagem.com.br\/usinagem\/wp-content\/uploads\/2022\/07\/020.jpg 1200w\" sizes=\"auto, (max-width: 1024px) 100vw, 1024px\" \/><\/a><\/div><\/div><div class=\"su-image-carousel-item\"><div class=\"su-image-carousel-item-content\"><a href=\"https:\/\/mhmusinagem.com.br\/usinagem\/wp-content\/uploads\/2022\/07\/019.jpg\" target=\"_blank\" rel=\"noopener noreferrer\" data-caption=\"\" data-rel=\"lightbox-image-5\" data-rl_title=\"Metal\u00fargica MHM Usinagem\" data-rl_caption=\"Metal\u00fargica MHM Usinagem\" title=\"Metal\u00fargica MHM Usinagem\"><img loading=\"lazy\" decoding=\"async\" width=\"1024\" height=\"768\" src=\"https:\/\/mhmusinagem.com.br\/usinagem\/wp-content\/uploads\/2022\/07\/019-1024x768.jpg\" class=\"\" alt=\"Metal\u00fargica MHM Usinagem\" srcset=\"https:\/\/mhmusinagem.com.br\/usinagem\/wp-content\/uploads\/2022\/07\/019-1024x768.jpg 1024w, https:\/\/mhmusinagem.com.br\/usinagem\/wp-content\/uploads\/2022\/07\/019-300x225.jpg 300w, https:\/\/mhmusinagem.com.br\/usinagem\/wp-content\/uploads\/2022\/07\/019-768x576.jpg 768w, https:\/\/mhmusinagem.com.br\/usinagem\/wp-content\/uploads\/2022\/07\/019.jpg 1200w\" sizes=\"auto, (max-width: 1024px) 100vw, 1024px\" \/><\/a><\/div><\/div><div class=\"su-image-carousel-item\"><div class=\"su-image-carousel-item-content\"><a href=\"https:\/\/mhmusinagem.com.br\/usinagem\/wp-content\/uploads\/2022\/07\/018.jpg\" target=\"_blank\" rel=\"noopener noreferrer\" data-caption=\"\" data-rel=\"lightbox-image-6\" data-rl_title=\"Metal\u00fargica MHM Usinagem\" data-rl_caption=\"Metal\u00fargica MHM Usinagem\" title=\"Metal\u00fargica MHM Usinagem\"><img loading=\"lazy\" decoding=\"async\" width=\"1024\" height=\"768\" src=\"https:\/\/mhmusinagem.com.br\/usinagem\/wp-content\/uploads\/2022\/07\/018-1024x768.jpg\" class=\"\" alt=\"Metal\u00fargica MHM Usinagem\" srcset=\"https:\/\/mhmusinagem.com.br\/usinagem\/wp-content\/uploads\/2022\/07\/018-1024x768.jpg 1024w, https:\/\/mhmusinagem.com.br\/usinagem\/wp-content\/uploads\/2022\/07\/018-300x225.jpg 300w, https:\/\/mhmusinagem.com.br\/usinagem\/wp-content\/uploads\/2022\/07\/018-768x576.jpg 768w, https:\/\/mhmusinagem.com.br\/usinagem\/wp-content\/uploads\/2022\/07\/018.jpg 1200w\" sizes=\"auto, (max-width: 1024px) 100vw, 1024px\" \/><\/a><\/div><\/div><div class=\"su-image-carousel-item\"><div class=\"su-image-carousel-item-content\"><a href=\"https:\/\/mhmusinagem.com.br\/usinagem\/wp-content\/uploads\/2022\/07\/017.jpg\" target=\"_blank\" rel=\"noopener noreferrer\" data-caption=\"\" data-rel=\"lightbox-image-7\" data-rl_title=\"Metal\u00fargica MHM Usinagem\" data-rl_caption=\"Metal\u00fargica MHM Usinagem\" title=\"Metal\u00fargica MHM Usinagem\"><img loading=\"lazy\" decoding=\"async\" width=\"1024\" height=\"768\" src=\"https:\/\/mhmusinagem.com.br\/usinagem\/wp-content\/uploads\/2022\/07\/017-1024x768.jpg\" class=\"\" alt=\"Metal\u00fargica MHM Usinagem\" srcset=\"https:\/\/mhmusinagem.com.br\/usinagem\/wp-content\/uploads\/2022\/07\/017-1024x768.jpg 1024w, https:\/\/mhmusinagem.com.br\/usinagem\/wp-content\/uploads\/2022\/07\/017-300x225.jpg 300w, https:\/\/mhmusinagem.com.br\/usinagem\/wp-content\/uploads\/2022\/07\/017-768x576.jpg 768w, https:\/\/mhmusinagem.com.br\/usinagem\/wp-content\/uploads\/2022\/07\/017.jpg 1200w\" sizes=\"auto, (max-width: 1024px) 100vw, 1024px\" \/><\/a><\/div><\/div><div class=\"su-image-carousel-item\"><div class=\"su-image-carousel-item-content\"><a href=\"https:\/\/mhmusinagem.com.br\/usinagem\/wp-content\/uploads\/2022\/07\/metal03.jpg\" target=\"_blank\" rel=\"noopener noreferrer\" data-caption=\"\" data-rel=\"lightbox-image-8\" data-rl_title=\"Metal\u00fargica MHM Usinagem\" data-rl_caption=\"Metal\u00fargica MHM Usinagem\" title=\"Metal\u00fargica MHM Usinagem\"><img loading=\"lazy\" decoding=\"async\" width=\"411\" height=\"524\" src=\"https:\/\/mhmusinagem.com.br\/usinagem\/wp-content\/uploads\/2022\/07\/metal03.jpg\" class=\"\" alt=\"Metal\u00fargica MHM Usinagem\" srcset=\"https:\/\/mhmusinagem.com.br\/usinagem\/wp-content\/uploads\/2022\/07\/metal03.jpg 411w, https:\/\/mhmusinagem.com.br\/usinagem\/wp-content\/uploads\/2022\/07\/metal03-235x300.jpg 235w\" sizes=\"auto, (max-width: 411px) 100vw, 411px\" \/><\/a><\/div><\/div><div class=\"su-image-carousel-item\"><div class=\"su-image-carousel-item-content\"><a href=\"https:\/\/mhmusinagem.com.br\/usinagem\/wp-content\/uploads\/2022\/07\/006.jpg\" target=\"_blank\" rel=\"noopener noreferrer\" data-caption=\"\" data-rel=\"lightbox-image-9\" data-rl_title=\"Metal\u00fargica MHM Usinagem\" data-rl_caption=\"Metal\u00fargica MHM Usinagem\" title=\"Metal\u00fargica MHM Usinagem\"><img loading=\"lazy\" decoding=\"async\" width=\"1024\" height=\"768\" src=\"https:\/\/mhmusinagem.com.br\/usinagem\/wp-content\/uploads\/2022\/07\/006-1024x768.jpg\" class=\"\" alt=\"Metal\u00fargica MHM Usinagem\" srcset=\"https:\/\/mhmusinagem.com.br\/usinagem\/wp-content\/uploads\/2022\/07\/006-1024x768.jpg 1024w, https:\/\/mhmusinagem.com.br\/usinagem\/wp-content\/uploads\/2022\/07\/006-300x225.jpg 300w, https:\/\/mhmusinagem.com.br\/usinagem\/wp-content\/uploads\/2022\/07\/006-768x576.jpg 768w, https:\/\/mhmusinagem.com.br\/usinagem\/wp-content\/uploads\/2022\/07\/006.jpg 1200w\" sizes=\"auto, (max-width: 1024px) 100vw, 1024px\" \/><\/a><\/div><\/div><div class=\"su-image-carousel-item\"><div class=\"su-image-carousel-item-content\"><a href=\"https:\/\/mhmusinagem.com.br\/usinagem\/wp-content\/uploads\/2022\/07\/005.jpg\" target=\"_blank\" rel=\"noopener noreferrer\" data-caption=\"\" data-rel=\"lightbox-image-10\" data-rl_title=\"Metal\u00fargica MHM Usinagem\" data-rl_caption=\"Metal\u00fargica MHM Usinagem\" title=\"Metal\u00fargica MHM Usinagem\"><img loading=\"lazy\" decoding=\"async\" width=\"1024\" height=\"768\" src=\"https:\/\/mhmusinagem.com.br\/usinagem\/wp-content\/uploads\/2022\/07\/005-1024x768.jpg\" class=\"\" alt=\"Metal\u00fargica MHM Usinagem\" srcset=\"https:\/\/mhmusinagem.com.br\/usinagem\/wp-content\/uploads\/2022\/07\/005-1024x768.jpg 1024w, https:\/\/mhmusinagem.com.br\/usinagem\/wp-content\/uploads\/2022\/07\/005-300x225.jpg 300w, https:\/\/mhmusinagem.com.br\/usinagem\/wp-content\/uploads\/2022\/07\/005-768x576.jpg 768w, https:\/\/mhmusinagem.com.br\/usinagem\/wp-content\/uploads\/2022\/07\/005.jpg 1200w\" sizes=\"auto, (max-width: 1024px) 100vw, 1024px\" \/><\/a><\/div><\/div><div class=\"su-image-carousel-item\"><div class=\"su-image-carousel-item-content\"><a href=\"https:\/\/mhmusinagem.com.br\/usinagem\/wp-content\/uploads\/2022\/07\/004.jpg\" target=\"_blank\" rel=\"noopener noreferrer\" data-caption=\"\" data-rel=\"lightbox-image-11\" data-rl_title=\"Metal\u00fargica MHM Usinagem\" data-rl_caption=\"Metal\u00fargica MHM Usinagem\" title=\"Metal\u00fargica MHM Usinagem\"><img loading=\"lazy\" decoding=\"async\" width=\"1024\" height=\"768\" src=\"https:\/\/mhmusinagem.com.br\/usinagem\/wp-content\/uploads\/2022\/07\/004-1024x768.jpg\" class=\"\" alt=\"Metal\u00fargica MHM Usinagem\" srcset=\"https:\/\/mhmusinagem.com.br\/usinagem\/wp-content\/uploads\/2022\/07\/004-1024x768.jpg 1024w, https:\/\/mhmusinagem.com.br\/usinagem\/wp-content\/uploads\/2022\/07\/004-300x225.jpg 300w, https:\/\/mhmusinagem.com.br\/usinagem\/wp-content\/uploads\/2022\/07\/004-768x576.jpg 768w, https:\/\/mhmusinagem.com.br\/usinagem\/wp-content\/uploads\/2022\/07\/004.jpg 1200w\" sizes=\"auto, (max-width: 1024px) 100vw, 1024px\" \/><\/a><\/div><\/div><div class=\"su-image-carousel-item\"><div class=\"su-image-carousel-item-content\"><a href=\"https:\/\/mhmusinagem.com.br\/usinagem\/wp-content\/uploads\/2022\/07\/002.jpg\" target=\"_blank\" rel=\"noopener noreferrer\" data-caption=\"\" data-rel=\"lightbox-image-12\" data-rl_title=\"Metal\u00fargica MHM Usinagem\" data-rl_caption=\"Metal\u00fargica MHM Usinagem\" title=\"Metal\u00fargica MHM Usinagem\"><img loading=\"lazy\" decoding=\"async\" width=\"1024\" height=\"768\" src=\"https:\/\/mhmusinagem.com.br\/usinagem\/wp-content\/uploads\/2022\/07\/002-1024x768.jpg\" class=\"\" alt=\"Metal\u00fargica MHM Usinagem\" srcset=\"https:\/\/mhmusinagem.com.br\/usinagem\/wp-content\/uploads\/2022\/07\/002-1024x768.jpg 1024w, https:\/\/mhmusinagem.com.br\/usinagem\/wp-content\/uploads\/2022\/07\/002-300x225.jpg 300w, https:\/\/mhmusinagem.com.br\/usinagem\/wp-content\/uploads\/2022\/07\/002-768x576.jpg 768w, https:\/\/mhmusinagem.com.br\/usinagem\/wp-content\/uploads\/2022\/07\/002.jpg 1200w\" sizes=\"auto, (max-width: 1024px) 100vw, 1024px\" \/><\/a><\/div><\/div><div class=\"su-image-carousel-item\"><div class=\"su-image-carousel-item-content\"><a href=\"https:\/\/mhmusinagem.com.br\/usinagem\/wp-content\/uploads\/2022\/07\/metal01.jpg\" target=\"_blank\" rel=\"noopener noreferrer\" data-caption=\"\" data-rel=\"lightbox-image-13\" data-rl_title=\"Metal\u00fargica MHM Usinagem\" data-rl_caption=\"Metal\u00fargica MHM Usinagem\" title=\"Metal\u00fargica MHM Usinagem\"><img loading=\"lazy\" decoding=\"async\" width=\"411\" height=\"524\" src=\"https:\/\/mhmusinagem.com.br\/usinagem\/wp-content\/uploads\/2022\/07\/metal01.jpg\" class=\"\" alt=\"Metal\u00fargica MHM Usinagem\" srcset=\"https:\/\/mhmusinagem.com.br\/usinagem\/wp-content\/uploads\/2022\/07\/metal01.jpg 411w, https:\/\/mhmusinagem.com.br\/usinagem\/wp-content\/uploads\/2022\/07\/metal01-235x300.jpg 235w\" sizes=\"auto, (max-width: 411px) 100vw, 411px\" \/><\/a><\/div><\/div><\/div><script id=\"su_image_carousel_69d4b1470075b_script\">if(window.SUImageCarousel){setTimeout(function() {window.SUImageCarousel.initGallery(document.getElementById(\"su_image_carousel_69d4b1470075b\"))}, 0);}var su_image_carousel_69d4b1470075b_script=document.getElementById(\"su_image_carousel_69d4b1470075b_script\");if(su_image_carousel_69d4b1470075b_script){su_image_carousel_69d4b1470075b_script.parentNode.removeChild(su_image_carousel_69d4b1470075b_script);}<\/script>\n<p>&nbsp;<\/p>\n<div class=\"su-spoiler su-spoiler-style-fancy su-spoiler-icon-arrow su-spoiler-closed\" data-scroll-offset=\"0\" data-anchor-in-url=\"no\"><div class=\"su-spoiler-title\" tabindex=\"0\" role=\"button\"><span class=\"su-spoiler-icon\"><\/span>Dados cadastrais<\/div><div class=\"su-spoiler-content su-u-clearfix su-u-trim\">\n<p><strong>Ficha t\u00e9cnica :<\/strong><\/p>\n<p><strong>Raz\u00e3o Social : Metalurgica H. Macacchero<\/strong><br \/>\n<strong>CNPJ :28.280.618\/0001-71<\/strong><br \/>\n<strong>Endere\u00e7o : . Heinz George Weil, n\u00ba 36 \u2013 Centro \u2013 Para\u00edba do Sul \u2013 Cep: 25850-000 &#8211; RJ<\/strong><br \/>\n<strong>Telefones : Tel-fax.: (24) 2263-1261<\/strong><br \/>\n<strong>E-mail: mhm@mhmusinagem.com.br<\/strong><\/p>\n<\/div><\/div>\n<div class=\"su-spoiler su-spoiler-style-fancy su-spoiler-icon-arrow su-spoiler-closed\" data-scroll-offset=\"0\" data-anchor-in-url=\"no\"><div class=\"su-spoiler-title\" tabindex=\"0\" role=\"button\"><span class=\"su-spoiler-icon\"><\/span>Endere\u00e7o e Localiza\u00e7\u00e3o<\/div><div class=\"su-spoiler-content su-u-clearfix su-u-trim\">\n<p><strong>Maps by Google Maps:<\/strong><\/p>\n<p><iframe loading=\"lazy\" style=\"border: 0;\" src=\"https:\/\/www.google.com\/maps\/embed?pb=!1m18!1m12!1m3!1d3695.060878160081!2d-43.29451578504779!3d-22.161754585395776!2m3!1f0!2f0!3f0!3m2!1i1024!2i768!4f13.1!3m3!1m2!1s0x98fa89625dc571%3A0x1071f66eb3393bae!2sMetal%C3%BArgica+H+Macachero+Ind%C3%BAstria+Com%C3%A9rcio+Ltda!5e0!3m2!1spt-BR!2sbr!4v1558630091065!5m2!1spt-BR!2sbr\" width=\"650\" height=\"350\" frameborder=\"0\" allowfullscreen=\"allowfullscreen\"><\/iframe><\/p>\n<\/div><\/div>\n<p><a href=\"https:\/\/mhmusinagem.com.br\/usinagem\/certificados\/\"><img loading=\"lazy\" decoding=\"async\" class=\"aligncenter wp-image-429 size-full\" src=\"https:\/\/mhmusinagem.com.br\/usinagem\/wp-content\/uploads\/2019\/05\/bannerrina.png\" alt=\"MHM e RINA\" width=\"698\" height=\"153\" srcset=\"https:\/\/mhmusinagem.com.br\/usinagem\/wp-content\/uploads\/2019\/05\/bannerrina.png 698w, https:\/\/mhmusinagem.com.br\/usinagem\/wp-content\/uploads\/2019\/05\/bannerrina-300x66.png 300w\" sizes=\"auto, (max-width: 698px) 100vw, 698px\" \/><\/a><\/p>\n","protected":false},"excerpt":{"rendered":"<p>UMA TRAJET\u00d3RIA BEM SUCEDIDA A METAL\u00daRGICA H. MACACHERO\u00a0 foi fundada em Abril de 1971, na cidade de Petr\u00f3polis, pelo Sr. H\u00e9lio Macacchero, experiente t\u00e9cnico em manuten\u00e7\u00e3o mec\u00e2nica. A MHM USINAGEM, como \u00e9 conhecida no mercado, surgiu atrav\u00e9s de um sonho que, aliado ao empreendedorismo de seu fundador e de seu atual Diretor, H\u00e9lio Macacchero Jr., transp\u00f4s v\u00e1rios obst\u00e1culos at\u00e9 chegar no patamar que ocupa atualmente. Nos anos 70, a MHM USINAGEM, em seus primeiros passos, visando ampliar sua participa\u00e7\u00e3o no mercado, desenvolveu uma linha de produtos de m\u00e1quinas gr\u00e1ficas que colaborou para a consolida\u00e7\u00e3o da empresa, e que, mais tarde,&#8230; <\/p>\n","protected":false},"author":1,"featured_media":0,"parent":0,"menu_order":0,"comment_status":"closed","ping_status":"closed","template":"","meta":{"footnotes":"","_links_to":"","_links_to_target":""},"class_list":["post-7","page","type-page","status-publish","hentry"],"_links":{"self":[{"href":"https:\/\/mhmusinagem.com.br\/usinagem\/wp-json\/wp\/v2\/pages\/7","targetHints":{"allow":["GET"]}}],"collection":[{"href":"https:\/\/mhmusinagem.com.br\/usinagem\/wp-json\/wp\/v2\/pages"}],"about":[{"href":"https:\/\/mhmusinagem.com.br\/usinagem\/wp-json\/wp\/v2\/types\/page"}],"author":[{"embeddable":true,"href":"https:\/\/mhmusinagem.com.br\/usinagem\/wp-json\/wp\/v2\/users\/1"}],"replies":[{"embeddable":true,"href":"https:\/\/mhmusinagem.com.br\/usinagem\/wp-json\/wp\/v2\/comments?post=7"}],"version-history":[{"count":50,"href":"https:\/\/mhmusinagem.com.br\/usinagem\/wp-json\/wp\/v2\/pages\/7\/revisions"}],"predecessor-version":[{"id":828,"href":"https:\/\/mhmusinagem.com.br\/usinagem\/wp-json\/wp\/v2\/pages\/7\/revisions\/828"}],"wp:attachment":[{"href":"https:\/\/mhmusinagem.com.br\/usinagem\/wp-json\/wp\/v2\/media?parent=7"}],"curies":[{"name":"wp","href":"https:\/\/api.w.org\/{rel}","templated":true}]}}